{"id":98,"date":"2014-01-04T23:28:36","date_gmt":"2014-01-04T21:28:36","guid":{"rendered":"http:\/\/www.preuss.ag\/?page_id=98"},"modified":"2019-11-30T22:12:13","modified_gmt":"2019-11-30T20:12:13","slug":"ausbildung-und-technik","status":"publish","type":"page","link":"https:\/\/kjf-vogelsbergkreis.de\/?page_id=98","title":{"rendered":"Ausbildung und Technik"},"content":{"rendered":"<p style=\"text-align: left;\"><a href=\"https:\/\/kjf-vogelsbergkreis.de\/wp-content\/uploads\/2019\/11\/jens-scaled.jpg\"><img loading=\"lazy\" decoding=\"async\" class=\"alignleft size-medium wp-image-1226\" src=\"https:\/\/kjf-vogelsbergkreis.de\/wp-content\/uploads\/2019\/11\/jens-300x199.jpg\" alt=\"\" width=\"300\" height=\"199\" srcset=\"https:\/\/kjf-vogelsbergkreis.de\/wp-content\/uploads\/2019\/11\/jens-300x199.jpg 300w, https:\/\/kjf-vogelsbergkreis.de\/wp-content\/uploads\/2019\/11\/jens-1024x678.jpg 1024w, https:\/\/kjf-vogelsbergkreis.de\/wp-content\/uploads\/2019\/11\/jens-768x509.jpg 768w, https:\/\/kjf-vogelsbergkreis.de\/wp-content\/uploads\/2019\/11\/jens-1536x1017.jpg 1536w, https:\/\/kjf-vogelsbergkreis.de\/wp-content\/uploads\/2019\/11\/jens-2048x1356.jpg 2048w, https:\/\/kjf-vogelsbergkreis.de\/wp-content\/uploads\/2019\/11\/jens-624x413.jpg 624w\" sizes=\"(max-width: 300px) 100vw, 300px\" \/><\/a>Der Fachbereich Ausbildung und Technik bietet Veranstaltungen rund um das Thema Feuerwehr an. Vielleicht sucht ihr nach besonderen Ideen f\u00fcr Ausbildungseinheiten oder \u00dcbungen. Dann seid ihr hier an der richtigen Stelle.<\/p>\n<hr \/>\n<p style=\"text-align: left;\">Euer<strong> Ansprechpartner<\/strong> ist<br \/>\nJens-Uwe Rie\u00df<\/p>\n<p style=\"text-align: left;\">Kontakt:<br \/>\nausbildung-technik[at]kjf-vogelsbergkreis.de<\/p>\n","protected":false},"excerpt":{"rendered":"<p>Der Fachbereich Ausbildung und Technik bietet Veranstaltungen rund um das Thema Feuerwehr an. Vielleicht sucht ihr nach besonderen Ideen f\u00fcr Ausbildungseinheiten oder \u00dcbungen. Dann seid ihr hier an der richtigen Stelle. Euer Ansprechpartner ist Jens-Uwe Rie\u00df Kontakt: ausbildung-technik[at]kjf-vogelsbergkreis.de<\/p>\n","protected":false},"author":1,"featured_media":0,"parent":56,"menu_order":0,"comment_status":"closed","ping_status":"closed","template":"page-templates\/full-width.php","meta":{"footnotes":""},"_links":{"self":[{"href":"https:\/\/kjf-vogelsbergkreis.de\/index.php?rest_route=\/wp\/v2\/pages\/98"}],"collection":[{"href":"https:\/\/kjf-vogelsbergkreis.de\/index.php?rest_route=\/wp\/v2\/pages"}],"about":[{"href":"https:\/\/kjf-vogelsbergkreis.de\/index.php?rest_route=\/wp\/v2\/types\/page"}],"author":[{"embeddable":true,"href":"https:\/\/kjf-vogelsbergkreis.de\/index.php?rest_route=\/wp\/v2\/users\/1"}],"replies":[{"embeddable":true,"href":"https:\/\/kjf-vogelsbergkreis.de\/index.php?rest_route=%2Fwp%2Fv2%2Fcomments&post=98"}],"version-history":[{"count":8,"href":"https:\/\/kjf-vogelsbergkreis.de\/index.php?rest_route=\/wp\/v2\/pages\/98\/revisions"}],"predecessor-version":[{"id":1231,"href":"https:\/\/kjf-vogelsbergkreis.de\/index.php?rest_route=\/wp\/v2\/pages\/98\/revisions\/1231"}],"up":[{"embeddable":true,"href":"https:\/\/kjf-vogelsbergkreis.de\/index.php?rest_route=\/wp\/v2\/pages\/56"}],"wp:attachment":[{"href":"https:\/\/kjf-vogelsbergkreis.de\/index.php?rest_route=%2Fwp%2Fv2%2Fmedia&parent=98"}],"curies":[{"name":"wp","href":"https:\/\/api.w.org\/{rel}","templated":true}]}}