{"id":874,"date":"2017-09-22T09:07:09","date_gmt":"2017-09-22T07:07:09","guid":{"rendered":"http:\/\/www.kjf-vogelsbergkreis.de\/?page_id=874"},"modified":"2019-04-07T17:57:32","modified_gmt":"2019-04-07T15:57:32","slug":"der-kreisjugendwart","status":"publish","type":"page","link":"https:\/\/kjf-vogelsbergkreis.de\/?page_id=874","title":{"rendered":"Der Kreisjugendwart"},"content":{"rendered":"<p>Dein erster Ansprechpartner, wenn es um Jugendfeuerwehr im Vogelsbergkreis geht, ist<\/p>\n<h2>der Kreisjugendfeuerwehrwart.<\/h2>\n<p>Der Kreis<strong>jugend<\/strong>feuerwehrwart wird auf 5 Jahre vom Delegiertentag der Kreisjugendfeuerwehr gew\u00e4hlt und ist eigentlich f\u00fcr alles zust\u00e4ndig. Klar, dass man da langsam graue Haare bekommt!<\/p>\n<p>Hier mal ein paar kleine Details:<a href=\"https:\/\/kjf-vogelsbergkreis.de\/wp-content\/uploads\/2017\/09\/j\u00f6rg_klein.jpg\"><img loading=\"lazy\" decoding=\"async\" class=\"wp-image-878 alignright\" src=\"https:\/\/kjf-vogelsbergkreis.de\/wp-content\/uploads\/2017\/09\/j\u00f6rg_klein.jpg\" alt=\"\" width=\"260\" height=\"221\" srcset=\"https:\/\/kjf-vogelsbergkreis.de\/wp-content\/uploads\/2017\/09\/j\u00f6rg_klein.jpg 1000w, https:\/\/kjf-vogelsbergkreis.de\/wp-content\/uploads\/2017\/09\/j\u00f6rg_klein-300x255.jpg 300w, https:\/\/kjf-vogelsbergkreis.de\/wp-content\/uploads\/2017\/09\/j\u00f6rg_klein-768x653.jpg 768w, https:\/\/kjf-vogelsbergkreis.de\/wp-content\/uploads\/2017\/09\/j\u00f6rg_klein-624x530.jpg 624w\" sizes=\"(max-width: 260px) 100vw, 260px\" \/><\/a><\/p>\n<p>Der derzeitige Kreisjugendfeuerwehrwart hei\u00dft <strong>J\u00f6rg Blankenburg<\/strong> und kommt aus Lauterbach. Er war mal (he he) 44 Jahre jung und ist in Lauterbach auch noch in der Feuerwehr aktiv.<\/p>\n<p class=\"western\">Von 1983 bis 1988 war er \u00fcbrigens auch in der Jugendfeuerwehr, d. h. er wei\u00df ganz genau von was er redet. Als Stadtjugendfeuerwehrwart von Lauterbach kennt er sich auch im Umgang mit mehreren Jugendfeuerwehr bestens aus. Das er auch in der Einsatzabteilung Ahnung hat, hat er durch den Besuch vieler Lehrg\u00e4nge gezeigt. Hier mal ein Auszug:<\/p>\n<p class=\"western\">1997 &#8211; Gruppenf\u00fchrer<br \/>\n2014 \u2013 Grundlagen der Jugendarbeit in der Feuerwehr<br \/>\n2015 &#8211; JugendleiterCard<\/p>\n<h2>Und, wie bekommt man den jetzt?<\/h2>\n<p class=\"western\">Am besten per E-Mail oder Telefon:<br \/>\n<a href=\"mailto:kjfw@kjf-vogelsbergkreis.de\">kjfw@kjf-vogelsbergkreis.de<\/a> oder +49 175 1642113<\/p>\n<h2>Und der macht nat\u00fcrlich alles alleine?<\/h2>\n<p class=\"western\">Keine Angst &#8211; das schafft auch J\u00f6rg nicht! Wir verteilen deshalb die Arbeit und der Kreis<strong>jugend<\/strong>wart hat au\u00dferdem noch zwei Stellvertreter:<\/p>\n<p class=\"western\"><a href=\"https:\/\/kjf-vogelsbergkreis.de\/wp-content\/uploads\/2017\/09\/ich.jpg\"><img loading=\"lazy\" decoding=\"async\" class=\"wp-image-888 alignleft\" src=\"https:\/\/kjf-vogelsbergkreis.de\/wp-content\/uploads\/2017\/09\/ich-685x1024.jpg\" alt=\"\" width=\"135\" height=\"201\" srcset=\"https:\/\/kjf-vogelsbergkreis.de\/wp-content\/uploads\/2017\/09\/ich-685x1024.jpg 685w, https:\/\/kjf-vogelsbergkreis.de\/wp-content\/uploads\/2017\/09\/ich-201x300.jpg 201w, https:\/\/kjf-vogelsbergkreis.de\/wp-content\/uploads\/2017\/09\/ich-768x1147.jpg 768w, https:\/\/kjf-vogelsbergkreis.de\/wp-content\/uploads\/2017\/09\/ich-624x932.jpg 624w, https:\/\/kjf-vogelsbergkreis.de\/wp-content\/uploads\/2017\/09\/ich.jpg 1000w\" sizes=\"(max-width: 135px) 100vw, 135px\" \/><\/a>Erster stellv. Kreisjugendfeuerwehrwart: <b>Fabian Frank<\/b> aus Schotten.<br \/>\nEr ist auch schon 2000 in die Jugendfeuerwehr eingetreten und ist derzeit auch noch in einer Einsatzabteilung aktiv. Bei den Lehrg\u00e4ngen ist u. a. ein Verbandsf\u00fchrerlehrgang auf der \u201eHabenseite\u201c verbucht und als Fachbereichsleiter f\u00fcr Wettbewerbe hat er auch schon Erfahrung in der Kreisjugendfeuerwehr gesammelt.<a href=\"https:\/\/kjf-vogelsbergkreis.de\/wp-content\/uploads\/2014\/01\/DSC_0005.jpg\"><img loading=\"lazy\" decoding=\"async\" class=\"size-medium wp-image-923 alignright\" src=\"https:\/\/kjf-vogelsbergkreis.de\/wp-content\/uploads\/2014\/01\/DSC_0005-300x199.jpg\" alt=\"\" width=\"300\" height=\"199\" srcset=\"https:\/\/kjf-vogelsbergkreis.de\/wp-content\/uploads\/2014\/01\/DSC_0005-300x199.jpg 300w, https:\/\/kjf-vogelsbergkreis.de\/wp-content\/uploads\/2014\/01\/DSC_0005-768x509.jpg 768w, https:\/\/kjf-vogelsbergkreis.de\/wp-content\/uploads\/2014\/01\/DSC_0005-1024x678.jpg 1024w, https:\/\/kjf-vogelsbergkreis.de\/wp-content\/uploads\/2014\/01\/DSC_0005-624x413.jpg 624w\" sizes=\"(max-width: 300px) 100vw, 300px\" \/><\/a><\/p>\n<p class=\"western\">Der zweite stellv. Kreisjugendfeuerwehrwart ist seit dem 06.04.2019 <strong>Frank Wingefeld<\/strong> &#8211; ebefalls aus Schotten. Als Zugf\u00fchrer der Katastrophenschutzes der Stadt Schotten kennt er sich mit alle Katastrophen aus, die einem bei der Kinder- und Jugendfeuerwehrarbeit passieren k\u00f6nnen. Als Fachbereichleiter Jugendflamme ist er zudem immer ganz nah an der Ausbildung der Jugendwehren dran.<\/p>\n","protected":false},"excerpt":{"rendered":"<p>Dein erster Ansprechpartner, wenn es um Jugendfeuerwehr im Vogelsbergkreis geht, ist der Kreisjugendfeuerwehrwart. Der Kreisjugendfeuerwehrwart wird auf 5 Jahre vom Delegiertentag der Kreisjugendfeuerwehr gew\u00e4hlt und ist eigentlich f\u00fcr alles zust\u00e4ndig. Klar, dass man da langsam graue Haare bekommt! Hier mal ein paar kleine Details: Der derzeitige Kreisjugendfeuerwehrwart hei\u00dft J\u00f6rg Blankenburg und kommt aus Lauterbach. Er [&hellip;]<\/p>\n","protected":false},"author":6,"featured_media":0,"parent":34,"menu_order":0,"comment_status":"closed","ping_status":"closed","template":"page-templates\/full-width.php","meta":{"footnotes":""},"_links":{"self":[{"href":"https:\/\/kjf-vogelsbergkreis.de\/index.php?rest_route=\/wp\/v2\/pages\/874"}],"collection":[{"href":"https:\/\/kjf-vogelsbergkreis.de\/index.php?rest_route=\/wp\/v2\/pages"}],"about":[{"href":"https:\/\/kjf-vogelsbergkreis.de\/index.php?rest_route=\/wp\/v2\/types\/page"}],"author":[{"embeddable":true,"href":"https:\/\/kjf-vogelsbergkreis.de\/index.php?rest_route=\/wp\/v2\/users\/6"}],"replies":[{"embeddable":true,"href":"https:\/\/kjf-vogelsbergkreis.de\/index.php?rest_route=%2Fwp%2Fv2%2Fcomments&post=874"}],"version-history":[{"count":20,"href":"https:\/\/kjf-vogelsbergkreis.de\/index.php?rest_route=\/wp\/v2\/pages\/874\/revisions"}],"predecessor-version":[{"id":1157,"href":"https:\/\/kjf-vogelsbergkreis.de\/index.php?rest_route=\/wp\/v2\/pages\/874\/revisions\/1157"}],"up":[{"embeddable":true,"href":"https:\/\/kjf-vogelsbergkreis.de\/index.php?rest_route=\/wp\/v2\/pages\/34"}],"wp:attachment":[{"href":"https:\/\/kjf-vogelsbergkreis.de\/index.php?rest_route=%2Fwp%2Fv2%2Fmedia&parent=874"}],"curies":[{"name":"wp","href":"https:\/\/api.w.org\/{rel}","templated":true}]}}

<p>Dein erster Ansprechpartner, wenn es um Jugendfeuerwehr im Vogelsbergkreis geht, ist</p>
<h2>der Kreisjugendfeuerwehrwart.</h2>
<p>Der Kreis<strong>jugend</strong>feuerwehrwart wird auf 5 Jahre vom Delegiertentag der Kreisjugendfeuerwehr gewählt und ist eigentlich für alles zuständig. Klar, dass man da langsam graue Haare bekommt!</p>
<p>Hier mal ein paar kleine Details:<a href="https://kjf-vogelsbergkreis.de/wp-content/uploads/2017/09/jörg_klein.jpg"><img loading="lazy" decoding="async" class="wp-image-878 alignright" src="https://kjf-vogelsbergkreis.de/wp-content/uploads/2017/09/jörg_klein.jpg" alt="" width="260" height="221" srcset="https://kjf-vogelsbergkreis.de/wp-content/uploads/2017/09/jörg_klein.jpg 1000w, https://kjf-vogelsbergkreis.de/wp-content/uploads/2017/09/jörg_klein-300x255.jpg 300w, https://kjf-vogelsbergkreis.de/wp-content/uploads/2017/09/jörg_klein-768x653.jpg 768w, https://kjf-vogelsbergkreis.de/wp-content/uploads/2017/09/jörg_klein-624x530.jpg 624w" sizes="(max-width: 260px) 100vw, 260px" /></a></p>
<p>Der derzeitige Kreisjugendfeuerwehrwart heißt <strong>Jörg Blankenburg</strong> und kommt aus Lauterbach. Er war mal (he he) 44 Jahre jung und ist in Lauterbach auch noch in der Feuerwehr aktiv.</p>
<p class="western">Von 1983 bis 1988 war er übrigens auch in der Jugendfeuerwehr, d. h. er weiß ganz genau von was er redet. Als Stadtjugendfeuerwehrwart von Lauterbach kennt er sich auch im Umgang mit mehreren Jugendfeuerwehr bestens aus. Das er auch in der Einsatzabteilung Ahnung hat, hat er durch den Besuch vieler Lehrgänge gezeigt. Hier mal ein Auszug:</p>
<p class="western">1997 &#8211; Gruppenführer<br />
2014 – Grundlagen der Jugendarbeit in der Feuerwehr<br />
2015 &#8211; JugendleiterCard</p>
<h2>Und, wie bekommt man den jetzt?</h2>
<p class="western">Am besten per E-Mail oder Telefon:<br />
<a href="mailto:kjfw@kjf-vogelsbergkreis.de">kjfw@kjf-vogelsbergkreis.de</a> oder +49 175 1642113</p>
<h2>Und der macht natürlich alles alleine?</h2>
<p class="western">Keine Angst &#8211; das schafft auch Jörg nicht! Wir verteilen deshalb die Arbeit und der Kreis<strong>jugend</strong>wart hat außerdem noch zwei Stellvertreter:</p>
<p class="western"><a href="https://kjf-vogelsbergkreis.de/wp-content/uploads/2017/09/ich.jpg"><img loading="lazy" decoding="async" class="wp-image-888 alignleft" src="https://kjf-vogelsbergkreis.de/wp-content/uploads/2017/09/ich-685x1024.jpg" alt="" width="135" height="201" srcset="https://kjf-vogelsbergkreis.de/wp-content/uploads/2017/09/ich-685x1024.jpg 685w, https://kjf-vogelsbergkreis.de/wp-content/uploads/2017/09/ich-201x300.jpg 201w, https://kjf-vogelsbergkreis.de/wp-content/uploads/2017/09/ich-768x1147.jpg 768w, https://kjf-vogelsbergkreis.de/wp-content/uploads/2017/09/ich-624x932.jpg 624w, https://kjf-vogelsbergkreis.de/wp-content/uploads/2017/09/ich.jpg 1000w" sizes="(max-width: 135px) 100vw, 135px" /></a>Erster stellv. Kreisjugendfeuerwehrwart: <b>Fabian Frank</b> aus Schotten.<br />
Er ist auch schon 2000 in die Jugendfeuerwehr eingetreten und ist derzeit auch noch in einer Einsatzabteilung aktiv. Bei den Lehrgängen ist u. a. ein Verbandsführerlehrgang auf der „Habenseite“ verbucht und als Fachbereichsleiter für Wettbewerbe hat er auch schon Erfahrung in der Kreisjugendfeuerwehr gesammelt.<a href="https://kjf-vogelsbergkreis.de/wp-content/uploads/2014/01/DSC_0005.jpg"><img loading="lazy" decoding="async" class="size-medium wp-image-923 alignright" src="https://kjf-vogelsbergkreis.de/wp-content/uploads/2014/01/DSC_0005-300x199.jpg" alt="" width="300" height="199" srcset="https://kjf-vogelsbergkreis.de/wp-content/uploads/2014/01/DSC_0005-300x199.jpg 300w, https://kjf-vogelsbergkreis.de/wp-content/uploads/2014/01/DSC_0005-768x509.jpg 768w, https://kjf-vogelsbergkreis.de/wp-content/uploads/2014/01/DSC_0005-1024x678.jpg 1024w, https://kjf-vogelsbergkreis.de/wp-content/uploads/2014/01/DSC_0005-624x413.jpg 624w" sizes="(max-width: 300px) 100vw, 300px" /></a></p>
<p class="western">Der zweite stellv. Kreisjugendfeuerwehrwart ist seit dem 06.04.2019 <strong>Frank Wingefeld</strong> &#8211; ebefalls aus Schotten. Als Zugführer der Katastrophenschutzes der Stadt Schotten kennt er sich mit alle Katastrophen aus, die einem bei der Kinder- und Jugendfeuerwehrarbeit passieren können. Als Fachbereichleiter Jugendflamme ist er zudem immer ganz nah an der Ausbildung der Jugendwehren dran.</p>

<p>Dein erster Ansprechpartner, wenn es um Jugendfeuerwehr im Vogelsbergkreis geht, ist der Kreisjugendfeuerwehrwart. Der Kreisjugendfeuerwehrwart wird auf 5 Jahre vom Delegiertentag der Kreisjugendfeuerwehr gewählt und ist eigentlich für alles zuständig. Klar, dass man da langsam graue Haare bekommt! Hier mal ein paar kleine Details: Der derzeitige Kreisjugendfeuerwehrwart heißt Jörg Blankenburg und kommt aus Lauterbach. Er [&hellip;]</p>
