{"id":56,"date":"2014-01-04T02:59:21","date_gmt":"2014-01-04T00:59:21","guid":{"rendered":"http:\/\/www.preuss.ag\/?page_id=56"},"modified":"2019-09-29T12:27:33","modified_gmt":"2019-09-29T10:27:33","slug":"fachbereiche","status":"publish","type":"page","link":"https:\/\/kjf-vogelsbergkreis.de\/?page_id=56","title":{"rendered":"Fachbereiche"},"content":{"rendered":"<p>Die Aufgaben der Kreis<strong>jugend<\/strong>feuerwehr Vogelsbergkreis sind vielf\u00e4ltig. Damit wir f\u00fcr alles und jeden den richtigen Ansprechpartner stellen k\u00f6nnen, haben wir die wichtigsten Themen in Fachbereiche gegliedert. Jeder Fachbereich hat (mindestens) einen Fachbereichsleiter oder Fachbereichsleiterin, welche euch in ihren Bereichen mit Rat und Tat zur Seite stehen k\u00f6nnen.<\/p>\n<p>Aktuell haben wir folgenden Fachbereiche besetzt:<\/p>\n<ul>\n<li><a title=\"Ausbildung und Technik\" href=\"https:\/\/kjf-vogelsbergkreis.de\/?page_id=98\">Ausbildung und Technik<\/a><\/li>\n<li><a title=\"Bildung- und Medienarbeit\" href=\"https:\/\/kjf-vogelsbergkreis.de\/?page_id=100\">Bildungs- und Medienarbeit<\/a><\/li>\n<li><a title=\"Brandschutzerziehung und Brandschutzaufkl\u00e4rung\" href=\"https:\/\/kjf-vogelsbergkreis.de\/?page_id=43\">Brandschutzerziehung und Brandschutzaufkl\u00e4rung<\/a><\/li>\n<li><a title=\"Bundeswettbewerbe\" href=\"https:\/\/kjf-vogelsbergkreis.de\/?page_id=41\">Bundeswettbewerb<\/a><\/li>\n<li><a title=\"Jugendflamme\" href=\"https:\/\/kjf-vogelsbergkreis.de\/?page_id=48\">Jugendflamme<\/a><\/li>\n<li><a title=\"Lager und Fahrten\" href=\"https:\/\/kjf-vogelsbergkreis.de\/?page_id=102\">Lager und Fahrten<\/a><\/li>\n<li><a title=\"Leistungsspange\" href=\"https:\/\/kjf-vogelsbergkreis.de\/?page_id=45\">Leistungsspange<\/a><\/li>\n<li><a href=\"https:\/\/kjf-vogelsbergkreis.de\/?page_id=1212\">Kinderfeuerwehr<\/a><\/li>\n<\/ul>\n<p>Leider ist auch die Kreis<strong>jugend<\/strong>feuerwehr Vogelsbergkreis immer h\u00e4nderigend auf der Suche nach neuen, motivierten Mitarbeitern, die uns bei unserer Arbeit unterst\u00fctzen. F\u00fcr folgende Fachbereiche ist uns das derzeit noch nicht gelungen.<\/p>\n<ul>\n<li>Integration<\/li>\n<li>Jugendforum<\/li>\n<li>\u00d6ffentlichkeitsarbeit<\/li>\n<\/ul>\n<p>Vielleicht bist DU ja genau der richtige f\u00fcr eine Aufgabe bei der KJF Vogelsberg und hilfst uns, die Interessen der Vogelsberger Jugendwehren zu vertreten. Melde dich doch einfach!<\/p>\n<p><a href=\"https:\/\/kjf-vogelsbergkreis.de\/wp-content\/uploads\/2017\/05\/stellenangebot.jpg\"><img loading=\"lazy\" decoding=\"async\" class=\"size-full wp-image-784 aligncenter\" src=\"https:\/\/kjf-vogelsbergkreis.de\/wp-content\/uploads\/2017\/05\/stellenangebot.jpg\" alt=\"\" width=\"604\" height=\"846\" srcset=\"https:\/\/kjf-vogelsbergkreis.de\/wp-content\/uploads\/2017\/05\/stellenangebot.jpg 604w, https:\/\/kjf-vogelsbergkreis.de\/wp-content\/uploads\/2017\/05\/stellenangebot-214x300.jpg 214w\" sizes=\"(max-width: 604px) 100vw, 604px\" \/><\/a><\/p>\n","protected":false},"excerpt":{"rendered":"<p>Die Aufgaben der Kreisjugendfeuerwehr Vogelsbergkreis sind vielf\u00e4ltig. Damit wir f\u00fcr alles und jeden den richtigen Ansprechpartner stellen k\u00f6nnen, haben wir die wichtigsten Themen in Fachbereiche gegliedert. Jeder Fachbereich hat (mindestens) einen Fachbereichsleiter oder Fachbereichsleiterin, welche euch in ihren Bereichen mit Rat und Tat zur Seite stehen k\u00f6nnen. Aktuell haben wir folgenden Fachbereiche besetzt: Ausbildung und [&hellip;]<\/p>\n","protected":false},"author":1,"featured_media":0,"parent":0,"menu_order":0,"comment_status":"closed","ping_status":"closed","template":"page-templates\/full-width.php","meta":{"footnotes":""},"_links":{"self":[{"href":"https:\/\/kjf-vogelsbergkreis.de\/index.php?rest_route=\/wp\/v2\/pages\/56"}],"collection":[{"href":"https:\/\/kjf-vogelsbergkreis.de\/index.php?rest_route=\/wp\/v2\/pages"}],"about":[{"href":"https:\/\/kjf-vogelsbergkreis.de\/index.php?rest_route=\/wp\/v2\/types\/page"}],"author":[{"embeddable":true,"href":"https:\/\/kjf-vogelsbergkreis.de\/index.php?rest_route=\/wp\/v2\/users\/1"}],"replies":[{"embeddable":true,"href":"https:\/\/kjf-vogelsbergkreis.de\/index.php?rest_route=%2Fwp%2Fv2%2Fcomments&post=56"}],"version-history":[{"count":11,"href":"https:\/\/kjf-vogelsbergkreis.de\/index.php?rest_route=\/wp\/v2\/pages\/56\/revisions"}],"predecessor-version":[{"id":1216,"href":"https:\/\/kjf-vogelsbergkreis.de\/index.php?rest_route=\/wp\/v2\/pages\/56\/revisions\/1216"}],"wp:attachment":[{"href":"https:\/\/kjf-vogelsbergkreis.de\/index.php?rest_route=%2Fwp%2Fv2%2Fmedia&parent=56"}],"curies":[{"name":"wp","href":"https:\/\/api.w.org\/{rel}","templated":true}]}}