{"id":39,"date":"2014-01-04T02:56:01","date_gmt":"2014-01-04T00:56:01","guid":{"rendered":"http:\/\/www.preuss.ag\/?page_id=39"},"modified":"2022-05-27T11:33:42","modified_gmt":"2022-05-27T09:33:42","slug":"kontakte","status":"publish","type":"page","link":"https:\/\/kjf-vogelsbergkreis.de\/?page_id=39","title":{"rendered":"Kontakte"},"content":{"rendered":"<p><strong>Ansprechpartner der Kreisjugendfeuerwehr<\/strong><\/p>\n<table style=\"height: 158px;\" width=\"625\">\n<tbody>\n<tr>\n<td width=\"149\">J\u00f6rg Blankenburg<\/td>\n<td width=\"184\">Kreisjugendfeuerwehrwart<\/td>\n<td width=\"274\">kjfw[at]kjf-vogelsbergkreis.de<\/td>\n<\/tr>\n<tr>\n<td width=\"149\">Dr. Fabian Frank<\/td>\n<td width=\"184\">Erster Stellv. Kreisjugendfeuerwehrwart<\/td>\n<td width=\"274\"><\/td>\n<\/tr>\n<tr>\n<td width=\"149\">Frank Wingefeld<\/td>\n<td width=\"184\">Zweiter Stellv. Kreisjugendfeuerwehrwart<\/td>\n<td width=\"274\"><\/td>\n<\/tr>\n<tr>\n<td width=\"149\">Nils Winkler<\/td>\n<td width=\"184\">Rechner<\/td>\n<td width=\"274\">kasse[at]kjf-vogelsbergkreis.de<\/td>\n<\/tr>\n<tr>\n<td width=\"149\">Wolfgang Repp<\/td>\n<td width=\"184\">Schriftf\u00fchrer<\/td>\n<td width=\"274\">schriftf\u00fchrer[at]kjf-vogelsbergkreis.de<\/td>\n<\/tr>\n<\/tbody>\n<\/table>\n<p><strong>Mailadressen der Fachbereichsleiter<\/strong><\/p>\n<table style=\"height: 262px;\" width=\"622\">\n<tbody>\n<tr>\n<td width=\"149\">Ausbildung und Technik<\/td>\n<td width=\"184\">Jens-Uwe Rie\u00df<\/td>\n<td width=\"274\">ausbildung-technik[at]kjf-vogelsbergkreis.de<\/td>\n<\/tr>\n<tr>\n<td width=\"149\">Bildungs- und Medianarbeit<\/td>\n<td width=\"184\">Wolfgang Repp<\/td>\n<td width=\"274\">\u00a0bildungs-medienarbeit[at]kjf-vogelsbergkreis.de<\/td>\n<\/tr>\n<tr>\n<td width=\"149\">Bundeswettbewerbe<\/td>\n<td width=\"184\">Mirko Hohmann<\/td>\n<td width=\"274\">bundeswettbewerb[at]kjf-vogelsbergkreis.de<\/td>\n<\/tr>\n<tr>\n<td width=\"149\">Jugenflamme<\/td>\n<td width=\"184\">Frank Wingefeld<\/td>\n<td width=\"274\">jugendflamme[at]kjf-vogelsbergkreis.de<\/td>\n<\/tr>\n<tr>\n<td width=\"149\">Kinderfeuerwehr<\/td>\n<td width=\"184\">Julia Weitzel<\/td>\n<td width=\"274\">kinderfeuerwehr[at]kjf-vogelsbergkreis.de<\/td>\n<\/tr>\n<tr>\n<td width=\"149\">Lager und Fahrten<\/td>\n<td width=\"184\">Karl Lind<\/td>\n<td width=\"274\">lager-fahrten[at]kjf-vogelsbergkreis.de<\/td>\n<\/tr>\n<tr>\n<td width=\"149\">Leistungsspange<\/td>\n<td width=\"184\">Julia Weitzel<\/td>\n<td width=\"274\">leistungsspange[at]kjf-vogelsbergkreis.de<\/td>\n<\/tr>\n<\/tbody>\n<\/table>\n","protected":false},"excerpt":{"rendered":"<p>Ansprechpartner der Kreisjugendfeuerwehr J\u00f6rg Blankenburg Kreisjugendfeuerwehrwart kjfw[at]kjf-vogelsbergkreis.de Dr. Fabian Frank Erster Stellv. Kreisjugendfeuerwehrwart Frank Wingefeld Zweiter Stellv. Kreisjugendfeuerwehrwart Nils Winkler Rechner kasse[at]kjf-vogelsbergkreis.de Wolfgang Repp Schriftf\u00fchrer schriftf\u00fchrer[at]kjf-vogelsbergkreis.de Mailadressen der Fachbereichsleiter Ausbildung und Technik Jens-Uwe Rie\u00df ausbildung-technik[at]kjf-vogelsbergkreis.de Bildungs- und Medianarbeit Wolfgang Repp \u00a0bildungs-medienarbeit[at]kjf-vogelsbergkreis.de Bundeswettbewerbe Mirko Hohmann bundeswettbewerb[at]kjf-vogelsbergkreis.de Jugenflamme Frank Wingefeld jugendflamme[at]kjf-vogelsbergkreis.de Kinderfeuerwehr Julia Weitzel kinderfeuerwehr[at]kjf-vogelsbergkreis.de Lager und [&hellip;]<\/p>\n","protected":false},"author":1,"featured_media":0,"parent":0,"menu_order":0,"comment_status":"closed","ping_status":"closed","template":"page-templates\/full-width.php","meta":{"footnotes":""},"_links":{"self":[{"href":"https:\/\/kjf-vogelsbergkreis.de\/index.php?rest_route=\/wp\/v2\/pages\/39"}],"collection":[{"href":"https:\/\/kjf-vogelsbergkreis.de\/index.php?rest_route=\/wp\/v2\/pages"}],"about":[{"href":"https:\/\/kjf-vogelsbergkreis.de\/index.php?rest_route=\/wp\/v2\/types\/page"}],"author":[{"embeddable":true,"href":"https:\/\/kjf-vogelsbergkreis.de\/index.php?rest_route=\/wp\/v2\/users\/1"}],"replies":[{"embeddable":true,"href":"https:\/\/kjf-vogelsbergkreis.de\/index.php?rest_route=%2Fwp%2Fv2%2Fcomments&post=39"}],"version-history":[{"count":29,"href":"https:\/\/kjf-vogelsbergkreis.de\/index.php?rest_route=\/wp\/v2\/pages\/39\/revisions"}],"predecessor-version":[{"id":1305,"href":"https:\/\/kjf-vogelsbergkreis.de\/index.php?rest_route=\/wp\/v2\/pages\/39\/revisions\/1305"}],"wp:attachment":[{"href":"https:\/\/kjf-vogelsbergkreis.de\/index.php?rest_route=%2Fwp%2Fv2%2Fmedia&parent=39"}],"curies":[{"name":"wp","href":"https:\/\/api.w.org\/{rel}","templated":true}]}}

<p><strong>Ansprechpartner der Kreisjugendfeuerwehr</strong></p>
<table style="height: 158px;" width="625">
<tbody>
<tr>
<td width="149">Jörg Blankenburg</td>
<td width="184">Kreisjugendfeuerwehrwart</td>
<td width="274">kjfw[at]kjf-vogelsbergkreis.de</td>
</tr>
<tr>
<td width="149">Dr. Fabian Frank</td>
<td width="184">Erster Stellv. Kreisjugendfeuerwehrwart</td>
<td width="274"></td>
</tr>
<tr>
<td width="149">Frank Wingefeld</td>
<td width="184">Zweiter Stellv. Kreisjugendfeuerwehrwart</td>
<td width="274"></td>
</tr>
<tr>
<td width="149">Nils Winkler</td>
<td width="184">Rechner</td>
<td width="274">kasse[at]kjf-vogelsbergkreis.de</td>
</tr>
<tr>
<td width="149">Wolfgang Repp</td>
<td width="184">Schriftführer</td>
<td width="274">schriftführer[at]kjf-vogelsbergkreis.de</td>
</tr>
</tbody>
</table>
<p><strong>Mailadressen der Fachbereichsleiter</strong></p>
<table style="height: 262px;" width="622">
<tbody>
<tr>
<td width="149">Ausbildung und Technik</td>
<td width="184">Jens-Uwe Rieß</td>
<td width="274">ausbildung-technik[at]kjf-vogelsbergkreis.de</td>
</tr>
<tr>
<td width="149">Bildungs- und Medianarbeit</td>
<td width="184">Wolfgang Repp</td>
<td width="274"> bildungs-medienarbeit[at]kjf-vogelsbergkreis.de</td>
</tr>
<tr>
<td width="149">Bundeswettbewerbe</td>
<td width="184">Mirko Hohmann</td>
<td width="274">bundeswettbewerb[at]kjf-vogelsbergkreis.de</td>
</tr>
<tr>
<td width="149">Jugenflamme</td>
<td width="184">Frank Wingefeld</td>
<td width="274">jugendflamme[at]kjf-vogelsbergkreis.de</td>
</tr>
<tr>
<td width="149">Kinderfeuerwehr</td>
<td width="184">Julia Weitzel</td>
<td width="274">kinderfeuerwehr[at]kjf-vogelsbergkreis.de</td>
</tr>
<tr>
<td width="149">Lager und Fahrten</td>
<td width="184">Karl Lind</td>
<td width="274">lager-fahrten[at]kjf-vogelsbergkreis.de</td>
</tr>
<tr>
<td width="149">Leistungsspange</td>
<td width="184">Julia Weitzel</td>
<td width="274">leistungsspange[at]kjf-vogelsbergkreis.de</td>
</tr>
</tbody>
</table>

<p>Ansprechpartner der Kreisjugendfeuerwehr Jörg Blankenburg Kreisjugendfeuerwehrwart kjfw[at]kjf-vogelsbergkreis.de Dr. Fabian Frank Erster Stellv. Kreisjugendfeuerwehrwart Frank Wingefeld Zweiter Stellv. Kreisjugendfeuerwehrwart Nils Winkler Rechner kasse[at]kjf-vogelsbergkreis.de Wolfgang Repp Schriftführer schriftführer[at]kjf-vogelsbergkreis.de Mailadressen der Fachbereichsleiter Ausbildung und Technik Jens-Uwe Rieß ausbildung-technik[at]kjf-vogelsbergkreis.de Bildungs- und Medianarbeit Wolfgang Repp  bildungs-medienarbeit[at]kjf-vogelsbergkreis.de Bundeswettbewerbe Mirko Hohmann bundeswettbewerb[at]kjf-vogelsbergkreis.de Jugenflamme Frank Wingefeld jugendflamme[at]kjf-vogelsbergkreis.de Kinderfeuerwehr Julia Weitzel kinderfeuerwehr[at]kjf-vogelsbergkreis.de Lager und [&hellip;]</p>
